[INFO] cloning repository https://github.com/Antenna00/Rust_CPL
[INFO] running `Command { std: "git" "-c" "credential.helper=" "-c" "credential.helper=/workspace/cargo-home/bin/git-credential-null" "clone" "--bare" "https://github.com/Antenna00/Rust_CPL" "/workspace/cache/git-repos/https%3A%2F%2Fgithub.com%2FAntenna00%2FRust_CPL", kill_on_drop: false }`
[INFO] [stderr] Cloning into bare repository '/workspace/cache/git-repos/https%3A%2F%2Fgithub.com%2FAntenna00%2FRust_CPL'...
[INFO] running `Command { std: "git" "rev-parse" "HEAD", kill_on_drop: false }`
[INFO] [stdout] 2da861567126f299b9be04d6d1af5c6785ee8c6b
[INFO] checking Antenna00/Rust_CPL against master#9610dfe5a9a731ced1ea4923ecbd0c57fe367898 for beta-170-4
[INFO] running `Command { std: "git" "clone" "/workspace/cache/git-repos/https%3A%2F%2Fgithub.com%2FAntenna00%2FRust_CPL" "/workspace/builds/worker-6-tc1/source", kill_on_drop: false }`
[INFO] [stderr] Cloning into '/workspace/builds/worker-6-tc1/source'...
[INFO] [stderr] done.
[INFO] validating manifest of git repo https://github.com/Antenna00/Rust_CPL on toolchain 9610dfe5a9a731ced1ea4923ecbd0c57fe367898
[INFO] running `Command { std: CARGO_HOME="/workspace/cargo-home" RUSTUP_HOME="/workspace/rustup-home" "/workspace/cargo-home/bin/cargo" "+9610dfe5a9a731ced1ea4923ecbd0c57fe367898" "metadata" "--manifest-path" "Cargo.toml" "--no-deps", kill_on_drop: false }`
[INFO] started tweaking git repo https://github.com/Antenna00/Rust_CPL
[INFO] finished tweaking git repo https://github.com/Antenna00/Rust_CPL
[INFO] tweaked toml for git repo https://github.com/Antenna00/Rust_CPL written to /workspace/builds/worker-6-tc1/source/Cargo.toml
[INFO] crate git repo https://github.com/Antenna00/Rust_CPL already has a lockfile, it will not be regenerated
[INFO] running `Command { std: CARGO_HOME="/workspace/cargo-home" RUSTUP_HOME="/workspace/rustup-home" "/workspace/cargo-home/bin/cargo" "+9610dfe5a9a731ced1ea4923ecbd0c57fe367898" "fetch" "--manifest-path" "Cargo.toml", kill_on_drop: false }`
[INFO] [stderr]     Updating crates.io index
[INFO] [stderr]  Downloading crates ...
[INFO] [stderr]   Downloaded proconio v0.4.3
[INFO] running `Command { std: "docker" "create" "-v" "/var/lib/crater-agent-workspace/builds/worker-6-tc1/target:/opt/rustwide/target:rw,Z" "-v" "/var/lib/crater-agent-workspace/builds/worker-6-tc1/source:/opt/rustwide/workdir:ro,Z" "-v" "/var/lib/crater-agent-workspace/cargo-home:/opt/rustwide/cargo-home:ro,Z" "-v" "/var/lib/crater-agent-workspace/rustup-home:/opt/rustwide/rustup-home:ro,Z" "-e" "SOURCE_DIR=/opt/rustwide/workdir" "-e" "CARGO_TARGET_DIR=/opt/rustwide/target" "-e" "CARGO_HOME=/opt/rustwide/cargo-home" "-e" "RUSTUP_HOME=/opt/rustwide/rustup-home" "-w" "/opt/rustwide/workdir" "-m" "1610612736" "--user" "0:0" "--network" "none" "ghcr.io/rust-lang/crates-build-env/linux@sha256:19e73879b68f455e41552ea35293514db52ea292d993f571636dbffedb77a1ee" "/opt/rustwide/cargo-home/bin/cargo" "+9610dfe5a9a731ced1ea4923ecbd0c57fe367898" "metadata" "--no-deps" "--format-version=1", kill_on_drop: false }`
[INFO] [stdout] 021bb792dff5efe3c1f746c3b8d8caffbfd2946aa3a47a87111c52a97320a4a3
[INFO] running `Command { std: "docker" "start" "-a" "021bb792dff5efe3c1f746c3b8d8caffbfd2946aa3a47a87111c52a97320a4a3", kill_on_drop: false }`
[INFO] running `Command { std: "docker" "inspect" "021bb792dff5efe3c1f746c3b8d8caffbfd2946aa3a47a87111c52a97320a4a3", kill_on_drop: false }`
[INFO] running `Command { std: "docker" "rm" "-f" "021bb792dff5efe3c1f746c3b8d8caffbfd2946aa3a47a87111c52a97320a4a3", kill_on_drop: false }`
[INFO] [stdout] 021bb792dff5efe3c1f746c3b8d8caffbfd2946aa3a47a87111c52a97320a4a3
[INFO] running `Command { std: "docker" "create" "-v" "/var/lib/crater-agent-workspace/builds/worker-6-tc1/target:/opt/rustwide/target:rw,Z" "-v" "/var/lib/crater-agent-workspace/builds/worker-6-tc1/source:/opt/rustwide/workdir:ro,Z" "-v" "/var/lib/crater-agent-workspace/cargo-home:/opt/rustwide/cargo-home:ro,Z" "-v" "/var/lib/crater-agent-workspace/rustup-home:/opt/rustwide/rustup-home:ro,Z" "-e" "SOURCE_DIR=/opt/rustwide/workdir" "-e" "CARGO_TARGET_DIR=/opt/rustwide/target" "-e" "CARGO_INCREMENTAL=0" "-e" "RUST_BACKTRACE=full" "-e" "RUSTFLAGS=--cap-lints=forbid" "-e" "RUSTDOCFLAGS=--cap-lints=forbid" "-e" "CARGO_HOME=/opt/rustwide/cargo-home" "-e" "RUSTUP_HOME=/opt/rustwide/rustup-home" "-w" "/opt/rustwide/workdir" "-m" "1610612736" "--user" "0:0" "--network" "none" "ghcr.io/rust-lang/crates-build-env/linux@sha256:19e73879b68f455e41552ea35293514db52ea292d993f571636dbffedb77a1ee" "/opt/rustwide/cargo-home/bin/cargo" "+9610dfe5a9a731ced1ea4923ecbd0c57fe367898" "check" "--frozen" "--all" "--all-targets" "--message-format=json", kill_on_drop: false }`
[INFO] [stdout] f27b459a83a5adbc4e2e156a917c15698edcd0e842a275670f0bd5e916ce5d54
[INFO] running `Command { std: "docker" "start" "-a" "f27b459a83a5adbc4e2e156a917c15698edcd0e842a275670f0bd5e916ce5d54", kill_on_drop: false }`
[INFO] [stderr]    Compiling autocfg v1.1.0
[INFO] [stderr]    Compiling libc v0.2.132
[INFO] [stderr]     Checking ppv-lite86 v0.2.16
[INFO] [stderr]     Checking proconio v0.4.3
[INFO] [stderr]    Compiling num-traits v0.2.15
[INFO] [stderr]    Compiling num-integer v0.1.45
[INFO] [stderr]    Compiling num-bigint v0.4.3
[INFO] [stderr]    Compiling num-iter v0.1.43
[INFO] [stderr]    Compiling num-rational v0.4.1
[INFO] [stderr]     Checking getrandom v0.2.7
[INFO] [stderr]     Checking rand_core v0.6.4
[INFO] [stderr]     Checking rand_chacha v0.3.1
[INFO] [stderr]     Checking rand v0.8.5
[INFO] [stderr]     Checking num-complex v0.4.2
[INFO] [stderr]     Checking num v0.4.0
[INFO] [stderr]     Checking Rust_CompetitiveProgrammingLibraries v0.1.0 (/opt/rustwide/workdir)
[INFO] [stdout] error: expected `;`, found `println`
[INFO] [stdout]   --> src/main.rs:36:14
[INFO] [stdout]    |
[INFO] [stdout] 36 |     bArr.iter
[INFO] [stdout]    |              ^ help: add `;` here
[INFO] [stdout] 37 |     
[INFO] [stdout] 38 |     println!("{}", "hello");
[INFO] [stdout]    |     ------- unexpected token
[INFO] [stdout] 
[INFO] [stdout] 
[INFO] [stdout] error: expected `;`, found `println`
[INFO] [stdout]   --> src/main.rs:36:14
[INFO] [stdout]    |
[INFO] [stdout] 36 |     bArr.iter
[INFO] [stdout]    |              ^ help: add `;` here
[INFO] [stdout] 37 |     
[INFO] [stdout] 38 |     println!("{}", "hello");
[INFO] [stdout]    |     ------- unexpected token
[INFO] [stdout] 
[INFO] [stdout] 
[INFO] [stdout] error[E0277]: the size for values of type `[i32]` cannot be known at compilation time
[INFO] [stdout]   --> src/main.rs:41:13
[INFO] [stdout]    |
[INFO] [stdout] 41 | fn isSafe(M:[[i32]; 5], row: i32, col: i32, visited: [[bool]]) {
[INFO] [stdout]    |             ^^^^^^^^^^ doesn't have a size known at compile-time
[INFO] [stdout]    |
[INFO] [stdout]    = help: the trait `Sized` is not implemented for `[i32]`
[INFO] [stdout]    = note: slice and array elements must have `Sized` type
[INFO] [stdout] 
[INFO] [stdout] 
[INFO] [stdout] error[E0277]: the size for values of type `[bool]` cannot be known at compilation time
[INFO] [stdout]   --> src/main.rs:41:54
[INFO] [stdout]    |
[INFO] [stdout] 41 | fn isSafe(M:[[i32]; 5], row: i32, col: i32, visited: [[bool]]) {
[INFO] [stdout]    |                                                      ^^^^^^^^ doesn't have a size known at compile-time
[INFO] [stdout]    |
[INFO] [stdout]    = help: the trait `Sized` is not implemented for `[bool]`
[INFO] [stdout]    = note: slice and array elements must have `Sized` type
[INFO] [stdout] 
[INFO] [stdout] 
[INFO] [stdout] error[E0277]: the size for values of type `[i32]` cannot be known at compilation time
[INFO] [stdout]  --> src/dfs.rs:9:13
[INFO] [stdout]   |
[INFO] [stdout] 9 | fn isSafe(M:[[i32]; 5], row: i32, col: i32, visited: [[bool]]) {
[INFO] [stdout]   |             ^^^^^^^^^^ doesn't have a size known at compile-time
[INFO] [stdout]   |
[INFO] [stdout]   = help: the trait `Sized` is not implemented for `[i32]`
[INFO] [stdout]   = note: slice and array elements must have `Sized` type
[INFO] [stdout] 
[INFO] [stdout] 
[INFO] [stdout] error[E0277]: the size for values of type `[bool]` cannot be known at compilation time
[INFO] [stdout]  --> src/dfs.rs:9:54
[INFO] [stdout]   |
[INFO] [stdout] 9 | fn isSafe(M:[[i32]; 5], row: i32, col: i32, visited: [[bool]]) {
[INFO] [stdout]   |                                                      ^^^^^^^^ doesn't have a size known at compile-time
[INFO] [stdout]   |
[INFO] [stdout]   = help: the trait `Sized` is not implemented for `[bool]`
[INFO] [stdout]   = note: slice and array elements must have `Sized` type
[INFO] [stdout] 
[INFO] [stdout] 
[INFO] [stdout] error[E0277]: the size for values of type `[i32]` cannot be known at compilation time
[INFO] [stdout]   --> src/main.rs:41:13
[INFO] [stdout]    |
[INFO] [stdout] 41 | fn isSafe(M:[[i32]; 5], row: i32, col: i32, visited: [[bool]]) {
[INFO] [stdout]    |             ^^^^^^^^^^ doesn't have a size known at compile-time
[INFO] [stdout]    |
[INFO] [stdout]    = help: the trait `Sized` is not implemented for `[i32]`
[INFO] [stdout]    = note: slice and array elements must have `Sized` type
[INFO] [stdout] 
[INFO] [stdout] 
[INFO] [stdout] error[E0277]: the size for values of type `[bool]` cannot be known at compilation time
[INFO] [stdout]   --> src/main.rs:41:54
[INFO] [stdout]    |
[INFO] [stdout] 41 | fn isSafe(M:[[i32]; 5], row: i32, col: i32, visited: [[bool]]) {
[INFO] [stdout]    |                                                      ^^^^^^^^ doesn't have a size known at compile-time
[INFO] [stdout]    |
[INFO] [stdout]    = help: the trait `Sized` is not implemented for `[bool]`
[INFO] [stdout]    = note: slice and array elements must have `Sized` type
[INFO] [stdout] 
[INFO] [stdout] 
[INFO] [stdout] error[E0277]: the size for values of type `[i32]` cannot be known at compilation time
[INFO] [stdout]  --> src/dfs.rs:9:13
[INFO] [stdout]   |
[INFO] [stdout] 9 | fn isSafe(M:[[i32]; 5], row: i32, col: i32, visited: [[bool]]) {
[INFO] [stdout]   |             ^^^^^^^^^^ doesn't have a size known at compile-time
[INFO] [stdout]   |
[INFO] [stdout]   = help: the trait `Sized` is not implemented for `[i32]`
[INFO] [stdout]   = note: slice and array elements must have `Sized` type
[INFO] [stdout] 
[INFO] [stdout] 
[INFO] [stdout] error: aborting due to 5 previous errors
[INFO] [stdout] 
[INFO] [stdout] 
[INFO] [stdout] For more information about this error, try `rustc --explain E0277`.
[INFO] [stdout] 
[INFO] [stdout] error[E0277]: the size for values of type `[bool]` cannot be known at compilation time
[INFO] [stdout]  --> src/dfs.rs:9:54
[INFO] [stdout]   |
[INFO] [stdout] 9 | fn isSafe(M:[[i32]; 5], row: i32, col: i32, visited: [[bool]]) {
[INFO] [stdout]   |                                                      ^^^^^^^^ doesn't have a size known at compile-time
[INFO] [stdout]   |
[INFO] [stdout]   = help: the trait `Sized` is not implemented for `[bool]`
[INFO] [stdout]   = note: slice and array elements must have `Sized` type
[INFO] [stdout] 
[INFO] [stdout] 
[INFO] [stdout] error: aborting due to 5 previous errors
[INFO] [stdout] 
[INFO] [stdout] 
[INFO] [stdout] For more information about this error, try `rustc --explain E0277`.
[INFO] [stdout] 
[INFO] [stderr] error: could not compile `Rust_CompetitiveProgrammingLibraries` (bin "Rust_CompetitiveProgrammingLibraries") due to 6 previous errors
[INFO] [stderr] warning: build failed, waiting for other jobs to finish...
[INFO] [stderr] error: could not compile `Rust_CompetitiveProgrammingLibraries` (bin "Rust_CompetitiveProgrammingLibraries" test) due to 6 previous errors
[INFO] running `Command { std: "docker" "inspect" "f27b459a83a5adbc4e2e156a917c15698edcd0e842a275670f0bd5e916ce5d54", kill_on_drop: false }`
[INFO] running `Command { std: "docker" "rm" "-f" "f27b459a83a5adbc4e2e156a917c15698edcd0e842a275670f0bd5e916ce5d54", kill_on_drop: false }`
[INFO] [stdout] f27b459a83a5adbc4e2e156a917c15698edcd0e842a275670f0bd5e916ce5d54
